{"id":182,"date":"2025-02-12T07:34:39","date_gmt":"2025-02-12T06:34:39","guid":{"rendered":"https:\/\/25x3.de\/b-03\/News\/?page_id=182"},"modified":"2025-06-05T01:55:08","modified_gmt":"2025-06-04T23:55:08","slug":"mai-2024-fruehlingsfest-im-haus-an-der-polz","status":"publish","type":"page","link":"https:\/\/balance-seilershof.de\/News\/mai-2024-fruehlingsfest-im-haus-an-der-polz\/","title":{"rendered":"Mai 2024: Fr\u00fchlingsfest im Haus an der Polz"},"content":{"rendered":"\n<div class=\"wp-block-columns has-border-color has-base-2-background-color has-background is-layout-flex wp-container-core-columns-is-layout-28f84493 wp-block-columns-is-layout-flex\" style=\"border-color:#b6f9a6\">\n<div class=\"wp-block-column is-layout-flow wp-block-column-is-layout-flow\">\n<div class=\"wp-block-columns is-layout-flex wp-container-core-columns-is-layout-28f84493 wp-block-columns-is-layout-flex\">\n<div class=\"wp-block-column is-vertically-aligned-center is-layout-flow wp-block-column-is-layout-flow\">\n<p>Am Samstag, dem 4. Mai 2024, war es so weit. Unser j\u00e4hrliches Fr\u00fchlingsfest wurde gro\u00df gefeiert. Zu diesem Anlass konnten wir zahlreiche Eltern und Angeh\u00f6rige auf unserem Gel\u00e4nde begr\u00fc\u00dfen.<\/p>\n<\/div>\n\n\n\n<div class=\"wp-block-column is-layout-flow wp-block-column-is-layout-flow\">\n<figure class=\"wp-block-image size-large\"><img loading=\"lazy\" decoding=\"async\" width=\"1024\" height=\"683\" src=\"https:\/\/25x3.de\/b-03\/News\/wp-content\/uploads\/2025\/02\/balance-gemeinnuetzige-gesellschaft-partner-1280x-854-1024x683.jpg\" alt=\"text1\" class=\"wp-image-173\" srcset=\"https:\/\/balance-seilershof.de\/News\/wp-content\/uploads\/2025\/02\/balance-gemeinnuetzige-gesellschaft-partner-1280x-854-1024x683.jpg 1024w, https:\/\/balance-seilershof.de\/News\/wp-content\/uploads\/2025\/02\/balance-gemeinnuetzige-gesellschaft-partner-1280x-854-300x200.jpg 300w, https:\/\/balance-seilershof.de\/News\/wp-content\/uploads\/2025\/02\/balance-gemeinnuetzige-gesellschaft-partner-1280x-854-768x512.jpg 768w, https:\/\/balance-seilershof.de\/News\/wp-content\/uploads\/2025\/02\/balance-gemeinnuetzige-gesellschaft-partner-1280x-854.jpg 1280w\" sizes=\"auto, (max-width: 1024px) 100vw, 1024px\" \/><\/figure>\n<\/div>\n<\/div>\n\n\n\n<div class=\"wp-block-columns is-layout-flex wp-container-core-columns-is-layout-28f84493 wp-block-columns-is-layout-flex\">\n<div class=\"wp-block-column is-layout-flow wp-block-column-is-layout-flow\">\n<figure class=\"wp-block-image size-large\"><img loading=\"lazy\" decoding=\"async\" width=\"1024\" height=\"683\" src=\"https:\/\/25x3.de\/b-03\/News\/wp-content\/uploads\/2025\/02\/balance-gemeinnuetzige-partner-gesellschaft-1280x-854-1024x683.jpg\" alt=\"text2\" class=\"wp-image-174\" srcset=\"https:\/\/balance-seilershof.de\/News\/wp-content\/uploads\/2025\/02\/balance-gemeinnuetzige-partner-gesellschaft-1280x-854-1024x683.jpg 1024w, https:\/\/balance-seilershof.de\/News\/wp-content\/uploads\/2025\/02\/balance-gemeinnuetzige-partner-gesellschaft-1280x-854-300x200.jpg 300w, https:\/\/balance-seilershof.de\/News\/wp-content\/uploads\/2025\/02\/balance-gemeinnuetzige-partner-gesellschaft-1280x-854-768x512.jpg 768w, https:\/\/balance-seilershof.de\/News\/wp-content\/uploads\/2025\/02\/balance-gemeinnuetzige-partner-gesellschaft-1280x-854.jpg 1280w\" sizes=\"auto, (max-width: 1024px) 100vw, 1024px\" \/><\/figure>\n<\/div>\n\n\n\n<div class=\"wp-block-column is-vertically-aligned-center is-layout-flow wp-block-column-is-layout-flow\">\n<p>Das tolle Wetter lud dazu ein, im Freien zu verweilen, mit den Anwesenden ins Gespr\u00e4ch zu kommen und die vielf\u00e4ltigen Sport- und Spielangebote zu nutzen. Im medienp\u00e4dagogischen Porjekt unseres Hauses war im Vorfeld ein Musikprogramm erarbeitet worden, das nun pr\u00e4sentiert wurde.<\/p>\n<\/div>\n<\/div>\n\n\n\n<div class=\"wp-block-group is-vertical is-layout-flex wp-container-core-group-is-layout-d6b9ab57 wp-block-group-is-layout-flex\">\n<figure class=\"wp-block-image size-large\"><img loading=\"lazy\" decoding=\"async\" width=\"1024\" height=\"683\" src=\"https:\/\/25x3.de\/b-03\/News\/wp-content\/uploads\/2025\/02\/balance-gesellschaft-gemeinnuetzige-partner-1280x-854-1024x683.jpg\" alt=\"text3\" class=\"wp-image-175\" srcset=\"https:\/\/balance-seilershof.de\/News\/wp-content\/uploads\/2025\/02\/balance-gesellschaft-gemeinnuetzige-partner-1280x-854-1024x683.jpg 1024w, https:\/\/balance-seilershof.de\/News\/wp-content\/uploads\/2025\/02\/balance-gesellschaft-gemeinnuetzige-partner-1280x-854-300x200.jpg 300w, https:\/\/balance-seilershof.de\/News\/wp-content\/uploads\/2025\/02\/balance-gesellschaft-gemeinnuetzige-partner-1280x-854-768x512.jpg 768w, https:\/\/balance-seilershof.de\/News\/wp-content\/uploads\/2025\/02\/balance-gesellschaft-gemeinnuetzige-partner-1280x-854.jpg 1280w\" sizes=\"auto, (max-width: 1024px) 100vw, 1024px\" \/><\/figure>\n\n\n\n<p>Dar\u00fcber hinaus stand ein reichhaltiges Buffet zur Verf\u00fcgung. Pr\u00e4sentiert wurden leckere Kuchen aus unserer Jugendberufshilfe. Auch zum Abendessen wurden wir mit leckeren Gerichten \u00fcberrascht.<\/p>\n<\/div>\n\n\n\n<div class=\"wp-block-columns is-layout-flex wp-container-core-columns-is-layout-28f84493 wp-block-columns-is-layout-flex\">\n<div class=\"wp-block-column is-layout-flow wp-block-column-is-layout-flow\">\n<figure class=\"wp-block-image size-large\"><img loading=\"lazy\" decoding=\"async\" width=\"1024\" height=\"683\" src=\"https:\/\/25x3.de\/b-03\/News\/wp-content\/uploads\/2025\/02\/gemeinnuetzige-balance-partner-gesellschaft-1280x-854-1024x683.jpg\" alt=\"text4\" class=\"wp-image-180\" srcset=\"https:\/\/balance-seilershof.de\/News\/wp-content\/uploads\/2025\/02\/gemeinnuetzige-balance-partner-gesellschaft-1280x-854-1024x683.jpg 1024w, https:\/\/balance-seilershof.de\/News\/wp-content\/uploads\/2025\/02\/gemeinnuetzige-balance-partner-gesellschaft-1280x-854-300x200.jpg 300w, https:\/\/balance-seilershof.de\/News\/wp-content\/uploads\/2025\/02\/gemeinnuetzige-balance-partner-gesellschaft-1280x-854-768x512.jpg 768w, https:\/\/balance-seilershof.de\/News\/wp-content\/uploads\/2025\/02\/gemeinnuetzige-balance-partner-gesellschaft-1280x-854.jpg 1280w\" sizes=\"auto, (max-width: 1024px) 100vw, 1024px\" \/><\/figure>\n<\/div>\n\n\n\n<div class=\"wp-block-column is-vertically-aligned-center is-layout-flow wp-block-column-is-layout-flow\">\n<p>Unsere Mitarbeitenden waren wieder mit voller Einsatzbereitschaft dabei.<br>Vielen Dank allen, die an der Planung und Durchf\u00fchrung dieses Festes beteiligt waren und allen G\u00e4sten, die mit uns den sch\u00f6nen Tag verbrachten.<\/p>\n<\/div>\n<\/div>\n\n\n\n<div class=\"wp-block-columns is-layout-flex wp-container-core-columns-is-layout-28f84493 wp-block-columns-is-layout-flex\">\n<div class=\"wp-block-column is-layout-flow wp-block-column-is-layout-flow\">\n<figure class=\"wp-block-image size-large wp-container-content-70fa0643\"><img loading=\"lazy\" decoding=\"async\" width=\"1024\" height=\"683\" src=\"https:\/\/25x3.de\/b-03\/News\/wp-content\/uploads\/2025\/02\/gemeinnuetzige-balance-gesellschaft-partner-1280x-854-1024x683.jpg\" alt=\"text5\" class=\"wp-image-179\" srcset=\"https:\/\/balance-seilershof.de\/News\/wp-content\/uploads\/2025\/02\/gemeinnuetzige-balance-gesellschaft-partner-1280x-854-1024x683.jpg 1024w, https:\/\/balance-seilershof.de\/News\/wp-content\/uploads\/2025\/02\/gemeinnuetzige-balance-gesellschaft-partner-1280x-854-300x200.jpg 300w, https:\/\/balance-seilershof.de\/News\/wp-content\/uploads\/2025\/02\/gemeinnuetzige-balance-gesellschaft-partner-1280x-854-768x512.jpg 768w, https:\/\/balance-seilershof.de\/News\/wp-content\/uploads\/2025\/02\/gemeinnuetzige-balance-gesellschaft-partner-1280x-854.jpg 1280w\" sizes=\"auto, (max-width: 1024px) 100vw, 1024px\" \/><\/figure>\n<\/div>\n\n\n\n<div class=\"wp-block-column is-layout-flow wp-block-column-is-layout-flow\">\n<figure class=\"wp-block-image size-large wp-container-content-69bc4bdf\"><img loading=\"lazy\" decoding=\"async\" width=\"1024\" height=\"683\" src=\"https:\/\/25x3.de\/b-03\/News\/wp-content\/uploads\/2025\/02\/balance-gesellschaft-partner-gemeinnuetzige-1280x-854-1024x683.jpg\" alt=\"text6\" class=\"wp-image-176\" srcset=\"https:\/\/balance-seilershof.de\/News\/wp-content\/uploads\/2025\/02\/balance-gesellschaft-partner-gemeinnuetzige-1280x-854-1024x683.jpg 1024w, https:\/\/balance-seilershof.de\/News\/wp-content\/uploads\/2025\/02\/balance-gesellschaft-partner-gemeinnuetzige-1280x-854-300x200.jpg 300w, https:\/\/balance-seilershof.de\/News\/wp-content\/uploads\/2025\/02\/balance-gesellschaft-partner-gemeinnuetzige-1280x-854-768x512.jpg 768w, https:\/\/balance-seilershof.de\/News\/wp-content\/uploads\/2025\/02\/balance-gesellschaft-partner-gemeinnuetzige-1280x-854.jpg 1280w\" sizes=\"auto, (max-width: 1024px) 100vw, 1024px\" \/><\/figure>\n<\/div>\n<\/div>\n\n\n\n<div class=\"wp-block-columns is-layout-flex wp-container-core-columns-is-layout-28f84493 wp-block-columns-is-layout-flex\">\n<div class=\"wp-block-column is-layout-flow wp-block-column-is-layout-flow\">\n<figure class=\"wp-block-image size-large wp-container-content-69bc4bdf\"><img loading=\"lazy\" decoding=\"async\" width=\"1024\" height=\"683\" src=\"https:\/\/25x3.de\/b-03\/News\/wp-content\/uploads\/2025\/02\/gemeinnuetzige-partner-balance-gesellschaft-1280x-854-1024x683.jpg\" alt=\"text7\" class=\"wp-image-181\" srcset=\"https:\/\/balance-seilershof.de\/News\/wp-content\/uploads\/2025\/02\/gemeinnuetzige-partner-balance-gesellschaft-1280x-854-1024x683.jpg 1024w, https:\/\/balance-seilershof.de\/News\/wp-content\/uploads\/2025\/02\/gemeinnuetzige-partner-balance-gesellschaft-1280x-854-300x200.jpg 300w, https:\/\/balance-seilershof.de\/News\/wp-content\/uploads\/2025\/02\/gemeinnuetzige-partner-balance-gesellschaft-1280x-854-768x512.jpg 768w, https:\/\/balance-seilershof.de\/News\/wp-content\/uploads\/2025\/02\/gemeinnuetzige-partner-balance-gesellschaft-1280x-854.jpg 1280w\" sizes=\"auto, (max-width: 1024px) 100vw, 1024px\" \/><\/figure>\n<\/div>\n\n\n\n<div class=\"wp-block-column is-layout-flow wp-block-column-is-layout-flow\">\n<figure class=\"wp-block-image size-large\"><img loading=\"lazy\" decoding=\"async\" width=\"1024\" height=\"683\" src=\"https:\/\/25x3.de\/b-03\/News\/wp-content\/uploads\/2025\/02\/balance-partner-gesellschaft-gemeinnuetzige-1280x-854-1024x683.jpg\" alt=\"text8\" class=\"wp-image-178\" srcset=\"https:\/\/balance-seilershof.de\/News\/wp-content\/uploads\/2025\/02\/balance-partner-gesellschaft-gemeinnuetzige-1280x-854-1024x683.jpg 1024w, https:\/\/balance-seilershof.de\/News\/wp-content\/uploads\/2025\/02\/balance-partner-gesellschaft-gemeinnuetzige-1280x-854-300x200.jpg 300w, https:\/\/balance-seilershof.de\/News\/wp-content\/uploads\/2025\/02\/balance-partner-gesellschaft-gemeinnuetzige-1280x-854-768x512.jpg 768w, https:\/\/balance-seilershof.de\/News\/wp-content\/uploads\/2025\/02\/balance-partner-gesellschaft-gemeinnuetzige-1280x-854.jpg 1280w\" sizes=\"auto, (max-width: 1024px) 100vw, 1024px\" \/><\/figure>\n<\/div>\n\n\n\n<div class=\"wp-block-column is-layout-flow wp-block-column-is-layout-flow\">\n<figure class=\"wp-block-image size-large\"><img loading=\"lazy\" decoding=\"async\" width=\"1024\" height=\"683\" src=\"https:\/\/25x3.de\/b-03\/News\/wp-content\/uploads\/2025\/02\/balance-partner-gemeinnuetzige-gesellschaft-1280x-854-1024x683.jpg\" alt=\"text9\" class=\"wp-image-177\" srcset=\"https:\/\/balance-seilershof.de\/News\/wp-content\/uploads\/2025\/02\/balance-partner-gemeinnuetzige-gesellschaft-1280x-854-1024x683.jpg 1024w, https:\/\/balance-seilershof.de\/News\/wp-content\/uploads\/2025\/02\/balance-partner-gemeinnuetzige-gesellschaft-1280x-854-300x200.jpg 300w, https:\/\/balance-seilershof.de\/News\/wp-content\/uploads\/2025\/02\/balance-partner-gemeinnuetzige-gesellschaft-1280x-854-768x512.jpg 768w, https:\/\/balance-seilershof.de\/News\/wp-content\/uploads\/2025\/02\/balance-partner-gemeinnuetzige-gesellschaft-1280x-854.jpg 1280w\" sizes=\"auto, (max-width: 1024px) 100vw, 1024px\" \/><\/figure>\n<\/div>\n<\/div>\n<\/div>\n<\/div>\n\n\n\n<div class=\"wp-block-columns are-vertically-aligned-center is-layout-flex wp-container-core-columns-is-layout-28f84493 wp-block-columns-is-layout-flex\">\n<div class=\"wp-block-column is-vertically-aligned-center is-layout-flow wp-block-column-is-layout-flow\">\n<div class=\"wp-block-buttons is-content-justification-center is-layout-flex wp-container-core-buttons-is-layout-a89b3969 wp-block-buttons-is-layout-flex\">\n<div class=\"wp-block-button is-style-outline is-style-outline--1\"><a class=\"wp-block-button__link has-custom-color-1-color has-base-2-background-color has-text-color has-background has-link-color wp-element-button\" href=\"\/News\/#news_start\" style=\"border-top-color:var(--wp--preset--color--custom-color-2);border-top-width:2px;border-right-color:var(--wp--preset--color--custom-color-1);border-right-width:2px;border-bottom-color:var(--wp--preset--color--custom-color-1);border-bottom-width:2px;border-left-color:var(--wp--preset--color--custom-color-2);border-left-width:2px\">Zur\u00fcck<\/a><\/div>\n<\/div>\n<\/div>\n<\/div>\n","protected":false},"excerpt":{"rendered":"<p>Am Samstag, dem 4. Mai 2024, war es so weit. Unser j\u00e4hrliches Fr\u00fchlingsfest wurde gro\u00df gefeiert. Zu diesem Anlass konnten wir zahlreiche Eltern und Angeh\u00f6rige auf unserem Gel\u00e4nde begr\u00fc\u00dfen. Das tolle Wetter lud dazu ein, im Freien zu verweilen, mit den Anwesenden ins Gespr\u00e4ch zu kommen und die vielf\u00e4ltigen Sport- und Spielangebote zu nutzen. Im [&hellip;]<\/p>\n","protected":false},"author":1,"featured_media":0,"parent":0,"menu_order":0,"comment_status":"closed","ping_status":"closed","template":"","meta":{"footnotes":""},"class_list":["post-182","page","type-page","status-publish","hentry"],"_links":{"self":[{"href":"https:\/\/balance-seilershof.de\/News\/wp-json\/wp\/v2\/pages\/182","targetHints":{"allow":["GET"]}}],"collection":[{"href":"https:\/\/balance-seilershof.de\/News\/wp-json\/wp\/v2\/pages"}],"about":[{"href":"https:\/\/balance-seilershof.de\/News\/wp-json\/wp\/v2\/types\/page"}],"author":[{"embeddable":true,"href":"https:\/\/balance-seilershof.de\/News\/wp-json\/wp\/v2\/users\/1"}],"replies":[{"embeddable":true,"href":"https:\/\/balance-seilershof.de\/News\/wp-json\/wp\/v2\/comments?post=182"}],"version-history":[{"count":3,"href":"https:\/\/balance-seilershof.de\/News\/wp-json\/wp\/v2\/pages\/182\/revisions"}],"predecessor-version":[{"id":520,"href":"https:\/\/balance-seilershof.de\/News\/wp-json\/wp\/v2\/pages\/182\/revisions\/520"}],"wp:attachment":[{"href":"https:\/\/balance-seilershof.de\/News\/wp-json\/wp\/v2\/media?parent=182"}],"curies":[{"name":"wp","href":"https:\/\/api.w.org\/{rel}","templated":true}]}}