{"id":199,"date":"2025-02-12T21:19:49","date_gmt":"2025-02-12T20:19:49","guid":{"rendered":"https:\/\/25x3.de\/b-03\/News\/?page_id=199"},"modified":"2025-06-05T01:52:13","modified_gmt":"2025-06-04T23:52:13","slug":"klettertour-24-10-28-10-2022-in-ostrov-tschechien","status":"publish","type":"page","link":"https:\/\/balance-seilershof.de\/News\/klettertour-24-10-28-10-2022-in-ostrov-tschechien\/","title":{"rendered":"Klettertour 24.10. \u2013 28.10.2022 in Ostrov, Tschechien"},"content":{"rendered":"\n<div class=\"wp-block-columns has-border-color has-custom-color-2-border-color has-base-2-background-color has-background is-layout-flex wp-container-core-columns-is-layout-a51bcdcd wp-block-columns-is-layout-flex\" style=\"padding-right:10px;padding-left:10px\">\n<div class=\"wp-block-column is-vertically-aligned-center is-layout-flow wp-block-column-is-layout-flow\">\n<figure class=\"wp-block-image aligncenter size-full\"><img loading=\"lazy\" decoding=\"async\" width=\"1000\" height=\"600\" src=\"https:\/\/25x3.de\/b-03\/News\/wp-content\/uploads\/2025\/02\/gemeinnuetzige-partner-balance-gesellschaft-1000x-600.jpg\" alt=\"text1\" class=\"wp-image-205\" srcset=\"https:\/\/balance-seilershof.de\/News\/wp-content\/uploads\/2025\/02\/gemeinnuetzige-partner-balance-gesellschaft-1000x-600.jpg 1000w, https:\/\/balance-seilershof.de\/News\/wp-content\/uploads\/2025\/02\/gemeinnuetzige-partner-balance-gesellschaft-1000x-600-300x180.jpg 300w, https:\/\/balance-seilershof.de\/News\/wp-content\/uploads\/2025\/02\/gemeinnuetzige-partner-balance-gesellschaft-1000x-600-768x461.jpg 768w\" sizes=\"auto, (max-width: 1000px) 100vw, 1000px\" \/><\/figure>\n\n\n\n<figure class=\"wp-block-pullquote has-contrast-color has-text-color has-link-color wp-elements-21b2a409917e5b59961b29567d4c3143\" style=\"padding-right:20px;padding-left:20px\"><blockquote><p>Nach zweij\u00e4hriger Corona bedingten Pause<\/p><cite> konnten 7 Jugendliche mit ihrer Betreuerin Syd und dem Betreuer Steven nach Ostrov zur Klettertour.<\/cite><\/blockquote><\/figure>\n\n\n\n<div class=\"wp-block-media-text is-stacked-on-mobile\"><figure class=\"wp-block-media-text__media\"><img loading=\"lazy\" decoding=\"async\" width=\"710\" height=\"800\" src=\"https:\/\/25x3.de\/b-03\/News\/wp-content\/uploads\/2025\/02\/gemeinnuetzige-partner-balance-gesellschaft-710x-800.jpg\" alt=\"text2\" class=\"wp-image-204 size-full\" srcset=\"https:\/\/balance-seilershof.de\/News\/wp-content\/uploads\/2025\/02\/gemeinnuetzige-partner-balance-gesellschaft-710x-800.jpg 710w, https:\/\/balance-seilershof.de\/News\/wp-content\/uploads\/2025\/02\/gemeinnuetzige-partner-balance-gesellschaft-710x-800-266x300.jpg 266w\" sizes=\"auto, (max-width: 710px) 100vw, 710px\" \/><\/figure><div class=\"wp-block-media-text__content\">\n<p>Nachdem die Zimmer bezogen waren, wurde ein gemeinsamer Wochenspeiseplan erstellt und 3 Jugendliche, davon 2 Azubis zum Fachpraktika K\u00fcche, sind gemeinsam mit einem Betreuer zum Einkauf gefahren.<\/p>\n<\/div><\/div>\n\n\n\n<div class=\"wp-block-media-text has-media-on-the-right is-stacked-on-mobile\"><div class=\"wp-block-media-text__content\">\n<p>Den ersten Abend lie\u00dfen wir mit einem leckeren Abendessen und anschlie\u00dfende Filmabend ausklingen.<\/p>\n<\/div><figure class=\"wp-block-media-text__media\"><img loading=\"lazy\" decoding=\"async\" width=\"700\" height=\"800\" src=\"https:\/\/25x3.de\/b-03\/News\/wp-content\/uploads\/2025\/02\/gemeinnuetzige-partner-balance-gesellschaft-700x-800.jpg\" alt=\"text3\" class=\"wp-image-203 size-full\" srcset=\"https:\/\/balance-seilershof.de\/News\/wp-content\/uploads\/2025\/02\/gemeinnuetzige-partner-balance-gesellschaft-700x-800.jpg 700w, https:\/\/balance-seilershof.de\/News\/wp-content\/uploads\/2025\/02\/gemeinnuetzige-partner-balance-gesellschaft-700x-800-263x300.jpg 263w\" sizes=\"auto, (max-width: 700px) 100vw, 700px\" \/><\/figure><\/div>\n\n\n\n<div class=\"wp-block-media-text is-stacked-on-mobile\"><figure class=\"wp-block-media-text__media\"><img loading=\"lazy\" decoding=\"async\" width=\"600\" height=\"800\" src=\"https:\/\/25x3.de\/b-03\/News\/wp-content\/uploads\/2025\/02\/gesellschaft-gemeinnuetzige-balance-partner-600x-800.jpg\" alt=\"text4\" class=\"wp-image-206 size-full\" srcset=\"https:\/\/balance-seilershof.de\/News\/wp-content\/uploads\/2025\/02\/gesellschaft-gemeinnuetzige-balance-partner-600x-800.jpg 600w, https:\/\/balance-seilershof.de\/News\/wp-content\/uploads\/2025\/02\/gesellschaft-gemeinnuetzige-balance-partner-600x-800-225x300.jpg 225w\" sizes=\"auto, (max-width: 600px) 100vw, 600px\" \/><\/figure><div class=\"wp-block-media-text__content\">\n<p>Am zweiten Tag stand die Erkundung des Bergsteigs sowie erste Kletter\u00fcbungen am sogenannten \u00dcbungsfelsen in Ostrov auf dem Tagesprogramm. Leider war der Klettersteig witterungsbedingt sehr rutschig und somit musste das Klettern aus Sicherheitsgr\u00fcnden leider entfallen. Stattdessen wurde eine gemeinsame Wanderung rund um die bekannte Ski-Arena Nove\u2018 M\u00easto gemacht.<\/p>\n<\/div><\/div>\n\n\n\n<figure class=\"wp-block-pullquote\" style=\"padding-right:20px;padding-left:20px\"><blockquote><p>Der Wetterbericht<\/p><cite>f\u00fcr die restliche Woche war bedauerlicherweise nicht auf unserer Seite und somit wurde ein Plan B f\u00fcr die Woche erstellt!<\/cite><\/blockquote><\/figure>\n\n\n\n<div class=\"wp-block-media-text has-media-on-the-right is-stacked-on-mobile\"><div class=\"wp-block-media-text__content\">\n<p>Der dritte Tag begann mit Regen, was wiederum ein Klettern unm\u00f6glich machte. Und somit ging es nach dem Fr\u00fchst\u00fcck nach Chemnitz ins Jumphouse, wo sich die Jugendlichen ordentlich austoben konnten.<\/p>\n\n\n\n<p>Am vierten und vorletzte Tag unserer Reise war es dann endlich soweit und wir konnten klettern gehen. Nach einer 20-min\u00fctigen Autofahrt erreichten wir den Klettersteig \u201eVIA FERRATY\u201c.<\/p>\n<\/div><figure class=\"wp-block-media-text__media\"><img loading=\"lazy\" decoding=\"async\" width=\"600\" height=\"800\" src=\"https:\/\/25x3.de\/b-03\/News\/wp-content\/uploads\/2025\/02\/gemeinnuetzige-gesellschaft-partner-balance-600x-800.jpg\" alt=\"text5\" class=\"wp-image-202 size-full\" srcset=\"https:\/\/balance-seilershof.de\/News\/wp-content\/uploads\/2025\/02\/gemeinnuetzige-gesellschaft-partner-balance-600x-800.jpg 600w, https:\/\/balance-seilershof.de\/News\/wp-content\/uploads\/2025\/02\/gemeinnuetzige-gesellschaft-partner-balance-600x-800-225x300.jpg 225w\" sizes=\"auto, (max-width: 600px) 100vw, 600px\" \/><\/figure><\/div>\n\n\n\n<div class=\"wp-block-media-text is-stacked-on-mobile\" style=\"margin-top:0px;margin-bottom:0px\"><figure class=\"wp-block-media-text__media\"><img loading=\"lazy\" decoding=\"async\" width=\"600\" height=\"800\" src=\"https:\/\/25x3.de\/b-03\/News\/wp-content\/uploads\/2025\/02\/gemeinnuetzige-gesellschaft-balance-partner-600x-800.jpg\" alt=\"text6\" class=\"wp-image-201 size-full\" srcset=\"https:\/\/balance-seilershof.de\/News\/wp-content\/uploads\/2025\/02\/gemeinnuetzige-gesellschaft-balance-partner-600x-800.jpg 600w, https:\/\/balance-seilershof.de\/News\/wp-content\/uploads\/2025\/02\/gemeinnuetzige-gesellschaft-balance-partner-600x-800-225x300.jpg 225w\" sizes=\"auto, (max-width: 600px) 100vw, 600px\" \/><\/figure><div class=\"wp-block-media-text__content\">\n<p>Nach einer kurzen Einweisung und das Anlegen der Kletterausr\u00fcstung ging in F\u00fcnfer Gruppen den Klettersteig hinauf.<\/p>\n\n\n\n<p>Hier gab es f\u00fcr die Jugendlichen 3 unterschiedliche Routen zu durchlaufen.<\/p>\n\n\n\n<p>Alle teilnehmenden stellten sich der Herausforderung und unterst\u00fctzten einander. Nachdem alle die 3 Routen durchlaufen sind und die Kletterausr\u00fcstung ordnungsgem\u00e4\u00df verpackt wurde, ging es zur\u00fcck ins Ferienhaus.<\/p>\n<\/div><\/div>\n\n\n\n<div class=\"wp-block-columns is-layout-flex wp-container-core-columns-is-layout-4e25967d wp-block-columns-is-layout-flex\" style=\"padding-right:var(--wp--preset--spacing--10);padding-left:var(--wp--preset--spacing--10)\">\n<div class=\"wp-block-column is-layout-flow wp-block-column-is-layout-flow\">\n<p>Den Abend und somit auch die Klettertour 2022 lie\u00dfen wir beim gemeinsamen Abendessen im \u201eRestaurant Anton\u201c ausklingen.<\/p>\n\n\n\n<p>Am Freitag, 28.10.2022, ging es zur\u00fcck in Einrichtung.<\/p>\n<\/div>\n<\/div>\n<\/div>\n<\/div>\n\n\n\n<div class=\"wp-block-columns are-vertically-aligned-center is-layout-flex wp-container-core-columns-is-layout-28f84493 wp-block-columns-is-layout-flex\">\n<div class=\"wp-block-column is-vertically-aligned-center is-layout-flow wp-block-column-is-layout-flow\">\n<div class=\"wp-block-buttons is-content-justification-center is-layout-flex wp-container-core-buttons-is-layout-a89b3969 wp-block-buttons-is-layout-flex\">\n<div class=\"wp-block-button is-style-outline is-style-outline--1\"><a class=\"wp-block-button__link has-custom-color-1-color has-base-2-background-color has-text-color has-background has-link-color wp-element-button\" href=\"\/News\/#news_start\" style=\"border-top-color:var(--wp--preset--color--custom-color-2);border-top-width:2px;border-right-color:var(--wp--preset--color--custom-color-1);border-right-width:2px;border-bottom-color:var(--wp--preset--color--custom-color-1);border-bottom-width:2px;border-left-color:var(--wp--preset--color--custom-color-2);border-left-width:2px\">Zur\u00fcck<\/a><\/div>\n<\/div>\n<\/div>\n<\/div>\n\n\n\n<p><\/p>\n","protected":false},"excerpt":{"rendered":"<p>Nach zweij\u00e4hriger Corona bedingten Pause konnten 7 Jugendliche mit ihrer Betreuerin Syd und dem Betreuer Steven nach Ostrov zur Klettertour. Nachdem die Zimmer bezogen waren, wurde ein gemeinsamer Wochenspeiseplan erstellt und 3 Jugendliche, davon 2 Azubis zum Fachpraktika K\u00fcche, sind gemeinsam mit einem Betreuer zum Einkauf gefahren. Den ersten Abend lie\u00dfen wir mit einem leckeren [&hellip;]<\/p>\n","protected":false},"author":1,"featured_media":0,"parent":0,"menu_order":0,"comment_status":"closed","ping_status":"closed","template":"","meta":{"footnotes":""},"class_list":["post-199","page","type-page","status-publish","hentry"],"_links":{"self":[{"href":"https:\/\/balance-seilershof.de\/News\/wp-json\/wp\/v2\/pages\/199","targetHints":{"allow":["GET"]}}],"collection":[{"href":"https:\/\/balance-seilershof.de\/News\/wp-json\/wp\/v2\/pages"}],"about":[{"href":"https:\/\/balance-seilershof.de\/News\/wp-json\/wp\/v2\/types\/page"}],"author":[{"embeddable":true,"href":"https:\/\/balance-seilershof.de\/News\/wp-json\/wp\/v2\/users\/1"}],"replies":[{"embeddable":true,"href":"https:\/\/balance-seilershof.de\/News\/wp-json\/wp\/v2\/comments?post=199"}],"version-history":[{"count":9,"href":"https:\/\/balance-seilershof.de\/News\/wp-json\/wp\/v2\/pages\/199\/revisions"}],"predecessor-version":[{"id":515,"href":"https:\/\/balance-seilershof.de\/News\/wp-json\/wp\/v2\/pages\/199\/revisions\/515"}],"wp:attachment":[{"href":"https:\/\/balance-seilershof.de\/News\/wp-json\/wp\/v2\/media?parent=199"}],"curies":[{"name":"wp","href":"https:\/\/api.w.org\/{rel}","templated":true}]}}